93.
11
What is the remainder when 52677 is divided by 257?
249
What is the remainder when 293424 is divided by 146697?
30
Calculate the remainder when 440532 is divided by 47.
1
Calculate the remainder when 520 is divided by 82.
28
What is the remainder when 15753 is divided by 156?
153
Calculate the remainder when 42989 is divided by 500.
489
Calculate the remainder when 2219 is divided by 69.
11
Calculate the remainder when 2026 is divided by 727.
572
What is the remainder when 92463 is divided by 22?
19
Calculate the remainder when 59942 is divided by 14975.
42
What is the remainder when 8948 is divided by 6?
2
Calculate the remainder when 74393 is divided by 34.
1
What is the remainder when 713102 is divided by 36?
14
What is the remainder when 5597 is divided by 1009?
552
What is the remainder when 1598660 is divided by 236?
232
What is the remainder when 136185 is divided by 26?
23
What is the remainder when 45038 is divided by 22400?
238
What is the remainder when 88356 is divided by 3155?
16
Calculate the remainder when 2094 is divided by 805.
484
Calculate the remainder when 600657 is divided by 20.
17
Calculate the remainder when 780188 is divided by 52.
32
Calculate the remainder when 14997 is divided by 2499.
3
What is the remainder when 4126 is divided by 4078?
48
Calculate the remainder when 9431 is divided by 77.
37
What is the remainder when 832152 is divided by 6210?
12
Calculate the remainder when 2467 is divided by 104.
75
Calculate the remainder when 659688 is divided by 159.
156
What is the remainder when 37721 is divided by 206?
23
What is the remainder when 3374 is divided by 1509?
356
Calculate the remainder when 18129 is divided by 18.
3
What is the remainder when 15044 is divided by 45?
14
Calculate the remainder when 9902 is divided by 37.
23
Calculate the remainder when 392621 is divided by 125.
121
What is the remainder when 690 is divided by 8?
2
Calculate the remainder when 18018 is divided by 24.
18
What is the remainder when 104724 is divided by 128?
20
Calculate the remainder when 1744 is divided by 25.
19
Calculate the remainder when 5459 is divided by 52.
51
Calculate the remainder when 1431 is divided by 476.
3
What is the remainder when 362 is divided by 46?
40
What is the remainder when 8553 is divided by 24?
9
Calculate the remainder when 2124 is divided by 229.
63
What is the remainder when 5130 is divided by 1696?
42
What is the remainder when 233 is divided by 34?
29
What is the remainder when 1009060 is divided by 148?
144
What is the remainder when 42633 is divided by 209?
206
What is the remainder when 10323 is divided by 11?
5
What is the remainder when 309 is divided by 71?
25
What is the remainder when 122 is divided by 56?
10
Calculate the remainder when 1219 is divided by 284.
83
What is the remainder when 59563 is divided by 55?
53
What is the remainder when 970 is divided by 139?
136
What is the remainder when 2954 is divided by 782?
608
What is the remainder when 22253 is divided by 1234?
41
Calculate the remainder when 259 is divided by 258.
1
What is the remainder when 14473 is divided by 429?
316
What is the remainder when 21682 is divided by 774?
10
What is the remainder when 425004 is divided by 1158?
18
Calculate the remainder when 8119 is divided by 3991.
137
Calculate the remainder when 81570 is divided by 4078.
10
What is the remainder when 6261 is divided by 61?
39
Calculate the remainder when 346189 is divided by 616.
613
What is the remainder when 5676 is divided by 381?
342
Calculate the remainder when 2211 is divided by 528.
99
What is the remainder when 245668 is divided by 284?
8
Calculate the remainder when 6297 is divided by 526.
511
Calculate the remainder when 10786 is divided by 82.
44
Calculate the remainder when 11099 is divided by 8.
3
What is the remainder when 242658 is divided by 55?
53
Calculate the remainder when 1027 is divided by 36.
19
What is the remainder when 3836 is divided by 222?
62
Calculate the remainder when 3853 is divided by 1926.
1
What is the remainder when 60752 is divided by 498?
494
What is the remainder when 13069 is divided by 14?
7
What is the remainder when 16523 is divided by 25?
23
Calculate the remainder when 724497 is divided by 300.
297
Calculate the remainder when 63836 is divided by 21.
17
What is the remainder when 173823 is divided by 28?
27
Calculate the remainder when 36056 is divided by 1201.
26
Calculate the remainder when 52340 is divided by 390.
80
What is the remainder when 4173 is divided by 19?
12
What is the remainder when 2337322 is divided by 11?
9
Calculate the remainder when 14658 is divided by 35.
28
What is the remainder when 84306 is divided by 6484?
14
What is the remainder when 17559 is divided by 24?
15
What is the remainder when 535356 is divided by 42?
24
What is the remainder when 4461 is divided by 43?
32
What is the remainder when 35752 is divided by 11917?
1
What is the remainder when 68067 is divided by 12?
3
What is the remainder when 462901 is divided by 11869?
10
What is the remainder when 5361977 is divided by 1066?
1063
What is the remainder when 40346 is divided by 10047?
158
What is the remainder when 28617 is divided by 20?
17
What is the remainder when 44253 is divided by 15?
3
Calculate the remainder when 3842 is divided by 484.
454
Calculate the remainder when 483 is divided by 255.
228
Calculate the remainder when 26907 is divided by 207.
204
Calculate the remainder when 887 is divided by 704.
183
Calculate the remainder when 16516 is divided by 113.
18
Calculate the remainder when 1860674 is divided by 71564.
10
Calculate the remainder when 25694 is divided by 176.
174
What is the remainder when 82796 is divided by 720?
716
What is the remainder when 22214 is divided by 18?
2
What is the remainder when 19797 is divided by 12?
9
What is the remainder when 1022431 is divided by 149?
142
What is the remainder when 27867 is divided by 27786?
81
What is the remainder when 75749 is divided by 34?
31
Calculate the remainder when 4970946 is divided by 4.
2
Calculate the remainder when 62373 is divided by 462.
3
What is the remainder when 177504 is divided by 348?
24
Calculate the remainder when 13419 is divided by 363.
351
What is the remainder when 395540 is divided by 98884?
4
Calculate the remainder when 702421 is divided by 23.
1
What is the remainder when 32467 is divided by 82?
77
Calculate the remainder when 3902 is divided by 98.
80
Calculate the remainder when 6138 is divided by 245.
13
Calculate the remainder when 5121 is divided by 2457.
207
What is the remainder when 13067 is divided by 311?
5
What is the remainder when 35526 is divided by 85?
81
Calculate the remainder when 44186 is divided by 256.
154
What is the remainder when 48501 is divided by 169?
167
Calculate the remainder when 11269 is divided by 221.
219
What is the remainder when 620 is divided by 118?
30
Calculate the remainder when 1646 is divided by 1234.
412
Calculate the remainder when 8517 is divided by 622.
431
Calculate the remainder when 7165 is divided by 167.
151
What is the remainder when 2466 is divided by 2033?
433
What is the remainder when 849 is divided by 307?
235
Calculate the remainder when 1487503 is divided by 248.
247
Calculate the remainder when 29942 is divided by 969.
872
Calculate the remainder when 229261 is divided by 103.
86
Calculate the remainder when 8338 is divided by 111.
13
Calculate the remainder when 886787 is divided by 46.
45
Calculate the remainder when 144059 is divided by 196.
195
What is the remainder when 5433 is divided by 1293?
261
Calculate the remainder when 61181 is divided by 4078.
11
What is the remainder when 121394 is divided by 11?
9
Calculate the remainder when 25900 is divided by 11.
6
Calculate the remainder when 342321 is divided by 18.
15
What is the remainder when 453 is divided by 217?
19
Calculate the remainder when 1773020 is divided by 48.
44
Calculate the remainder when 3918942 is divided by 206.
204
What is the remainder when 16116 is divided by 59?
9
Calculate the remainder when 3062 is divided by 1105.
852
Calculate the remainder when 46875 is divided by 341.
158
Calculate the remainder when 65497 is divided by 50.
47
What is the remainder when 2447 is 